?
False
Is 136573 composite?
False
Is 17519 a composite number?
False
Is 163 a prime number?
True
Is 38557 a composite number?
False
Is 121267 a prime number?
True
Is 92915 a composite number?
True
Is 39619 composite?
False
Is 37979 prime?
False
Is 78229 a prime number?
True
Is 849311 a composite number?
False
Is 129939 a composite number?
True
Is 8353 composite?
False
Is 197857 a composite number?
True
Is 21169 composite?
False
Is 164927 composite?
True
Is 3637 composite?
False
Is 25934 a composite number?
True
Is 1339901 prime?
True
Is 64397 composite?
True
Is 19603 a prime number?
True
Is 2661 a prime number?
False
Is 489139 composite?
True
Is 87719 a prime number?
True
Is 95379 a prime number?
False
Is 4201 a prime number?
True
Is 6457 prime?
False
Is 1472123 a composite number?
True
Is 156721 prime?
False
Is 4467971 a composite number?
False
Is 457871 prime?
True
Is 1031755 prime?
False
Is 349579 prime?
True
Is 526517 prime?
False
Is 22613 a composite number?
False
Is 29621 composite?
True
Is 7183 composite?
True
Is 4505231 prime?
False
Is 2153 a composite number?
False
Is 4426 a composite number?
True
Is 66239 a composite number?
False
Is 16339 prime?
True
Is 37189 prime?
True
Is 42815 a prime number?
False
Is 22417 composite?
True
Is 110521 composite?
True
Is 1243 a composite number?
True
Is 248271 a composite number?
True
Is 3389 a prime number?
True
Is 106171 prime?
False
Is 15787 composite?
False
Is 6761 composite?
False
Is 258233 a composite number?
False
Is 29779 composite?
True
Is 1134061 prime?
False
Is 39541 a composite number?
False
Is 57719 a composite number?
False
Is 5069 a composite number?
True
Is 1613029 prime?
False
Is 769085 composite?
True
Is 908398 prime?
False
Is 16179 a prime number?
False
Is 155161 composite?
False
Is 3611 composite?
True
Is 8191 a composite number?
False
Is 81854 prime?
False
Is 17491 composite?
False
Is 754811 prime?
True
Is 53989 prime?
False
Is 119993 composite?
False
Is 39803 a composite number?
True
Is 489199 a prime number?
False
Is 14339 a prime number?
False
Is 15013 a composite number?
False
Is 16221 composite?
True
Is 5401 a composite number?
True
Is 541631 composite?
False
Is 438827 a composite number?
False
Is 3343 prime?
True
Is 10671 composite?
True
Is 179671 a prime number?
True
Is 131015 a prime number?
False
Is 297061 composite?
False
Is 241013 composite?
False
Is 1031 a composite number?
False
Is 2948749 prime?
False
Is 99967 composite?
True
Is 59723 a composite number?
False
Is 17147 a composite number?
True
Is 25663 a composite number?
True
Is 134 prime?
False
Is 9979 a composite number?
True
Is 36633 a composite number?
True
Is 34871 prime?
True
Is 4193 a composite number?
True
Is 2171 prime?
False
Is 31133 a composite number?
True
Is 342217 a prime number?
False
Is 17519 a composite number?
False
Is 5645 composite?
True
Is 222581 a prime number?
False
Is 100777 composite?
True
Is 7087 a composite number?
True
Is 7433 composite?
False
Is 31 composite?
False
Is 1468083 composite?
True
Is 10394 composite?
True
Is 12982 prime?
False
Is 53183 prime?
False
Is 579338 a composite number?
True
Is 2041231 a prime number?
True
Is 188837 a composite number?
True
Is 9217 prime?
False
Is 18299 a prime number?
False
Is 1639 prime?
False
Is 5711 a prime number?
True
Is 134497 composite?
True
Is 27631 prime?
True
Is 27361 prime?
True
Is 4883 a composite number?
True
Is 30335 prime?
False
Is 2101879 a composite number?
True
Is 2646851 a composite number?
True
Is 128339 composite?
False
Is 14981 composite?
True
Is 128549 a prime number?
True
Is 13841 a prime number?
True
Is 24281 a prime number?
True
Is 263369 prime?
True
Is 273329 composite?
True
Is 34345 prime?
False
Is 750359 composite?
True
Is 1207653 a composite number?
True
Is 210961 prime?
True
Is 50533 a prime number?
False
Is 110963 a prime number?
False
Is 253651 prime?
True
Is 5077 composite?
False
Is 4733 a prime number?
True
Is 538921 prime?
True
Is 24611 a prime number?
True
Is 225569 a composite number?
False
Is 348883 a composite number?
False
Is 26093 a prime number?
False
Is 443 a composite number?
False
Is 3235961 prime?
True
Is 858377 prime?
False
Is 1949 a prime number?
True
Is 1167 a composite number?
True
Is 780163 a composite number?
False
Is 5219 prime?
False
Is 1326373 a composite number?
True
Is 16323 a prime number?
False
Is 14173 prime?
True
Is 33541 composite?
True
Is 1361 prime?
True
Is 1471 composite?
False
Is 9781 a prime number?
True
Is 285071 prime?
True
Is 430102 a composite number?
True
Is 4031 a prime number?
False
Is 50579 a composite number?
True
Is 237295 a composite number?
True
Is 953497 a composite number?
False
Is 484829 a prime number?
True
Is 26149 composite?
True
Is 90107 a composite number?
False
Is 40841 a composite number?
False
Is 205791 composite?
True
Is 200303 a composite number?
True
Is 558863 prime?
True
Is 1055 composite?
True
Is 5989 a composite number?
True
Is 168851 a composite number?
False
Is 39683 composite?
True
Is 15929 prime?
False
Is 1279457 a prime number?
True
Is 2363 prime?
False
Is 31921 composite?
True
Is 35761 a composite number?
True
Is 11993 prime?
False
Is 1999909 a prime number?
False
Is 14367 a prime number?
False
Is 254671 a prime number?
False
Is 1657 composite?
False
Is 2761 a prime number?
False
Is 33203 prime?
True
Is 1411351 composite?
True
Is 33731 composite?
True
Is 17681 composite?
False
Is 320163 a composite number?
True
Is 949513 composite?
False
Is 51349 a prime number?
True
Is 122963 a composite number?
False
Is 6629 composite?
True
Is 10037 a composite number?
False
Is 26171 composite?
False
Is 1785773 prime?
False
Is 26545 a prime number?
False
Is 500009 prime?
True
Is 11593 composite?
False
Is 193007 a composite number?
True
Is 4711 prime?
False
Is 6995 composite?
True
Is 1595983 composite?
False
Is 60769 a prime number?
False
Is 7069 composite?
False
Is 2885 a prime number?
False
Is 122477 composite?
False
Is 3337 prime?
False
Is 337 prime?
True
Is 3302818 a composite number?
True
Is 70367 composite?
True
Is 893989 a prime number?
True
Is 97283 prime?
True
Is 13963 prime?
True
Is 1087517 composite?
False
Is 14866 prime?
False
Is 106 composite?
True
Is 721987 prime?
False
Is 401 a prime number?
True
Is 255527 a prime number?
False
Is 20263 a composite number?
True
Is 47339 composite?
False
Is 61993 composite?
True
Is 303323 composite?
False
Is 63637 a composite number?
True
Is 1259 a prime number?
True
Is 5461 a prime number?
False
Is 2353 prime?
False
Is 1994947 a prime number?
True
Is 212627 composite?
False
Is 15893 prime?
False
Is 75199 prime?
False
Is 8999 a composite number?
False
Is 451 a composite number?
True
Is 991003 composite?
True
Is 94747 prime?
True
Is 4145359 prime?
False
Is 980999 a prime number?
True
Is 170741 prime?
True
Is 4835 a prime number?
False
Is 25321 prime?
True
Is 654571 a composite number?
False
Is 543967 composite?
False
Is 18463 a prime number?
False
Is 10477 composite?
False
Is 29065 a composite number?
True
Is 22289 prime?
False
Is 189889 prime?
False
Is 4009 a prime number?
False
Is 5141 a prime number?
False
Is 54061 composite?
True
Is 14489 prime?
True
Is 1370377 composite?
False
Is 673 a prime number?
True
Is 201713 composite?
True
Is 12721 prime?
True
Is 6711 composite?
True
Is 285717 a composite number?
True
Is 99293 composite?
True
Is 531127 a composite number?
True
Is 3791 prime?
False
Is 28673 prime?
False
Is 16517 a prime number?
False
Is 7129 a composite number?
False
Is 34886 a composite number?
True
Is 108349 a composite number?
True
Is 1457779 a composite number?
True
Is 7717 composite?
False
Is 211163 a composite number?
True
Is 16022 composite?
True
Is 65329 a composite number?
True
Is 31883 composite?
False
Is 384299 a prime number?
True
Is 863959 a prime number?
True
Is 696569 a prime number?
True
Is 3967 a prime number?
True
Is 46418 composite?
True
Is 25183 composite?
False
Is 377513 a prime number?
True
Is 148853 a prime number?
True
Is 97049 a prime number?
False
Is 562631 prime?
True
Is 41794 a prime number?
False
Is 8131 composite?
True
Is 226131 composite?
True
Is 2437 a prime number?
True
Is 25439 composite?
False
Is 30341 composite?
False
Is 13751 a composite number?
False
Is 266341 com